vided by (-3)/((-183)/87 + 2) - -2?
21
Let z = 90 + 83. Suppose -4*d + 437 = z. Calculate the remainder when 130 is divided by d.
64
Let s = -2294 + 2327. What is the remainder when 1385 is divided by s?
32
Suppose -10*b + 8*b + 136 = 0. Suppose -64*u = -b*u + 56. What is the remainder when 25 is divided by u?
11
Let w = 10797 - 10753. What is the remainder when 132 is divided by w?
0
Let n = -118 + 122. Suppose n*m - 35 = -3*v + 35, -m + 76 = 3*v. Let u = v - 3. What is the remainder when 86 is divided by u?
17
Suppose -3738 = 24*l - 3762. Suppose 5*a + 325 = -5*i, -4*i + 6*a - 3*a - 246 = 0. Let m = l - i. What is the remainder when m is divided by 33?
31
Calculate the remainder when 222 is divided by 11 - (-393)/6 - (-6)/4.
66
Suppose -2*n - 8*n - 70880 = 0. What is the remainder when (-3)/21 + 3/((-84)/n) is divided by 51?
49
Suppose 4*g - 3*l - 11 = 0, 3*g + 5*l - 2*l - 24 = 0. Suppose 0 = -4*o - z + 467, -o - g*z - 261 = -3*o. Calculate the remainder when o is divided by 17.
16
Suppose 12*q = 10*q - m + 294, -2*q - 3*m = -282. What is the remainder when q is divided by 71?
8
Calculate the remainder when 9996 is divided by ((-297)/5)/(1143/(-1905)).
96
Suppose 2*h - 44 = -y, -5*y - 4*h + 367 = 171. Calculate the remainder when 70 is divided by y.
34
Let d be (1/2 - 0)*0. What is the remainder when 56 + 0 - (d - 1 - -3) is divided by 16?
6
Suppose 5*a - 10*y = -15*y + 95, a = 3*y - 17. Suppose 0 = 4*c + 17 - 293. What is the remainder when c is divided by a?
9
Suppose 4*v + 102 = l, 0 = -3*l - v + 71 + 131. What is the remainder when 243 is divided by l?
33
Let t = -8906 + 10364. Calculate the remainder when t is divided by 77.
72
Let n = 315 - 182. Let r = 158 - n. What is the remainder when 36 is divided by r?
11
Let v = 2651 + 3192. What is the remainder when v is divided by 158?
155
Suppose 1384 = -3*y + 1579. Calculate the remainder when y is divided by (-184)/(-16)*6*(-2)/(-6).
19
Let z be (33/(-2) - 0)/((-126)/1092). Let d = z + -12. What is the remainder when d is divided by 51?
29
Let h be -2*((-645)/6 + 4). Let d be (-1)/((-1)/h) + -3. Suppose -5*i + 17*i - d = 0. What is the remainder when i is divided by 4?
1
Suppose 3*z + 25 = 8*z. Suppose -y + z*b + 17 - 50 = 0, 0 = -5*y + 5*b - 225. Let x = y + 59. What is the remainder when 75 is divided by x?
9
Let o be 92/(-2 + 10/(-5) + 6). Suppose -2*y + 3*p + 137 = o, 184 = 4*y - 4*p. Calculate the remainder when y is divided by 7.
5
Let l(o) = -1 - 135*o**2 + 280*o**2 - 5*o - 129*o**2. What is the remainder when l(4) is divided by 62?
49
Suppose 92*w - 37407 = 497. What is the remainder when w is divided by 100?
12
Let m = -1082 - -1110. Calculate the remainder when 1566 is divided by m.
26
Let t(a) = -23*a - 687. What is the remainder when 52 is divided by t(-30)?
1
Let l = -187 - -229. Calculate the remainder when 558 is divided by l.
12
Let g(u) = u**2 + 5*u - 32. Let f be g(-22). Let q = f + -299. What is the remainder when 257 is divided by q?
42
Let n = -109734 + 109850. Let l(o) = 2*o + 4*o - 3 - 3. What is the remainder when n is divided by l(6)?
26
Suppose -153*w = -16347 - 14253. What is the remainder when 608 is divided by w?
8
Calculate the remainder when (-12504)/228*1387/(-146) is divided by 827/11 + (-4)/22.
71
Let q = -20 + 31. Suppose 5*u = 315 + 195. Suppose 2*d - c - u = 0, 7*d = 2*d + c + 261. Calculate the remainder when d is divided by q.
9
Suppose -4*y = -83 - 13. Let c(l) = -6 - y*l + 12*l + 2. Calculate the remainder when 37 is divided by c(-2).
17
Suppose 8*u - 2998 = -1382. Calculate the remainder when u is divided by -1 + (45 - (-6)/(-3)).
34
Let i = -4 + 30. Let x = -1415 - -633. Let f = x + 788. Calculate the remainder when i is divided by f.
2
Let s(r) = 63*r - 4. Let g be s(3). Let j = g + -74. Let w = 261 + -233. Calculate the remainder when j is divided by w.
27
Let u = 2988 - 2979. What is the remainder when 4604 is divided by u?
5
Let w be -2 + (-7)/(-5) - 12/30. Calculate the remainder when 195 is divided by 0/w + (-2046)/(-62).
30
Let k = 16 + 25. Let b(o) = o**3 - 23*o**2 - 69*o + 2005. What is the remainder when k is divided by b(22)?
2
Suppose -h + 423 = -5*f + 297, -3*f = -4*h + 759. Suppose 0 = -2*d + 8 + 26. What is the remainder when h is divided by d?
14
Calculate the remainder when 13 + 4588/12 - (-3)/(-9) is divided by 6.
5
Suppose 1668*z + 222810 = 1878*z. Calculate the remainder when z is divided by 8.
5
Let c = 210 + -95. Let a be 2/(-11) + 1*5992/44. Let g = a - c. What is the remainder when 62 is divided by g?
20
What is the remainder when 142 is divided by (-2 - -7)*((-1)/2)/(15/(-222))?
31
What is the remainder when 802 is divided by 0 + 148 + (-3528)/294?
122
Let m be (-9 - -2) + (153 - 9). Suppose -m*h - 528 = -149*h. What is the remainder when 168 is divided by h?
36
Suppose -70 = -6*c - 58. Suppose -3*v = -x - 3*x + 345, -176 = -2*x - c*v. What is the remainder when x is divided by 45?
42
Suppose -36 = -4*h - 4. Suppose -3056*b + 3062*b = -126. Calculate the remainder when 24*(-14)/b + (2 - 0) is divided by h.
2
Suppose 174 = 3*a - 89*y + 84*y, -5*y = 0. What is the remainder when 2897 is divided by a?
55
Calculate the remainder when (-720540)/(-220) - 14/77 is divided by 21.
20
Suppose -3*g + 14 = -43. Suppose -104 = -16*c + 8*c. Let o(d) = 14*d - 52. What is the remainder when o(c) is divided by g?
16
Suppose 375 = 4*v + 5*l, -v = 21*l - 16*l - 75. Suppose -3*c - v = -934. What is the remainder when c is divided by 47?
43
Suppose -t = 4*v - 271, 111 + 116 = 3*v - 4*t. Calculate the remainder when 82 is divided by v.
13
Suppose 54*k - 1691 = -764 + 6795. Calculate the remainder when 439 is divided by k.
10
Let a(d) = -37*d + 2906. What is the remainder when a(16) is divided by 100?
14
Let r(s) = 3123*s - 4334. What is the remainder when r(5) is divided by 26?
23
Let v = -5102 - -5150. Calculate the remainder when (-284 + -2)*4/(-8) is divided by v.
47
Suppose 2*j - 12 = -6. Suppose -7*i = -5*i + 5*c - 50, 0 = -3*i - j*c + 66. Calculate the remainder when 40 - 3*(-1)/(-3) is divided by i.
19
Let o be (-1 - 19/(-2)) + (-14)/28. Suppose o*y - 18*y = -670. Calculate the remainder when y is divided by 41.
26
Suppose 0 = i + 5*u - 149, 4*i - 3*i - 3*u = 109. Calculate the remainder when i is divided by 4.
0
Let s = -47 - -42. Let d(o) = o**2 + 4*o + 7. Let n be d(s). Let i = n + -1. Calculate the remainder when 51 is divided by i.
7
Suppose 0 = 3*v - 3703 + 853. Suppose 24*r - v = 5*r. Calculate the remainder when 193 is divided by r.
43
Suppose 14 = -12*v - 19 + 45. What is the remainder when 5 is divided by v?
0
Let a = -89 + 88. Calculate the remainder when 42 is divided by (-1)/(a/3) + 17 + 15.
7
Calculate the remainder when 765 is divided by (3 + -2)*16*7.
93
Let v(p) = 309*p - 1991. What is the remainder when v(8) is divided by 83?
66
Let l(f) = f**2 + 4*f - 4. Let x be l(-5). Let s = -42 + 43. Calculate the remainder when 4 + -1 + -1 - -2*x is divided by s.
0
Let q = 5 - 2. Suppose q*u = -2*u + 150. Suppose 16*j = -30*j + 4094. Calculate the remainder when j is divided by u.
29
Suppose 21*s + 2*p - 506 = 19*s, -2*s - 3*p = -504. What is the remainder when s is divided by 241?
14
Suppose o + 157 - 212 = -2*w, w + 2*o = 14. Calculate the remainder when 5270 is divided by w.
22
Let h(i) = -27*i - 294. Let v be h(-29). Let l = 502 - v. Let z(f) = 4*f + 9. What is the remainder when z(7) is divided by l?
11
Let z = 85 + -87. Let l(n) = -2*n**3 - n**2 - 5*n - 9. Let u be l(z). Suppose 2*q + u = 57. What is the remainder when 64 is divided by q?
20
Suppose -27*b - 24*b + 3886 = 7*b. Calculate the remainder when b is divided by 8.
3
Suppose 3*b + 4*y = 44, 3*b - 22*y = -25*y + 36. What is the remainder when 306/2 + (1 - -1) is divided by b?
3
Let o = -75 - -160. Calculate the remainder when o is divided by (-10 - -8) + (-17 - -16 - -19).
5
Let g be 18/(-117) + -3 + 31156/52. Suppose -392*b + 388*b = -g. Calculate the remainder when b is divided by 6.
5
Let o(r) = -1127*r - 921. What is the remainder when o(-2) is divided by 4?
1
Suppose -4*m = 4*z - 48, 0 = 4*m + z - 16 - 17. Calculate the remainder when 79 is divided by m.
2
Calculate the remainder when ((2/14)/((-321)/(-749)))/((-2)/(-3378)) is divided by 42.
17
Let j(k) = -5